77
What is 11102 (base 5) in base 2?
1100001001
What is c42a (base 13) in base 16?
69c4
Convert 50423 (base 9) to base 8.
100576
What is 267e (base 16) in base 14?
383c
What is 42c (base 13) in base 7?
2040
What is 16220 (base 9) in base 5?
323430
Convert 242 (base 13) to base 10.
392
15d6 (base 14) to base 5
111122
What is 416 (base 11) in base 7?
1314
What is -50032 (base 7) in base 8?
-27374
12111 (base 3) to base 15
9d
69e (base 15) to base 7
4241
What is 700 (base 11) in base 10?
847
Convert 11321310 (base 4) to base 13.
b010
What is 14332 (base 5) in base 16?
4c1
45be (base 15) to base 12
8698
What is 161465 (base 7) in base 12?
1649b
What is -16a5 (base 11) in base 16?
-87c
Convert -10001 (base 4) to base 3.
-100112
What is -721 (base 15) in base 12?
-b1a
12000211 (base 3) to base 16
e53
3499 (base 14) to base 9
13487
-12120010 (base 3) to base 2
-111111010101
What is 221 (base 9) in base 12?
131
Convert -32031 (base 4) to base 6.
-4113
Convert 1547 (base 8) to base 4.
31213
Convert 10cc4 (base 15) to base 2.
1101000100000101
What is 20322301 (base 4) in base 11?
25499
What is -100001011 (base 2) in base 11?
-223
Convert a85 (base 14) to base 10.
2077
Convert 178 (base 9) to base 6.
412
-1022 (base 8) to base 12
-382
124042 (base 5) to base 14
1adb
Convert -10000001100111 (base 2) to base 9.
-12336
Convert -732 (base 15) to base 10.
-1622
-44553 (base 6) to base 15
-1cc6
Convert 25147 (base 9) to base 16.
41fb
-402124 (base 5) to base 9
-18480
What is -48116 (base 9) in base 12?
-16750
What is -2542 (base 12) in base 2?
-1000010000010
What is -44121 (base 10) in base 16?
-ac59
What is 101332000 (base 4) in base 15?
16c1a
Convert -448 (base 11) to base 15.
-25b
Convert 21332323 (base 4) to base 16.
9fbb
Convert 32f (base 16) to base 12.
57b
Convert 492 (base 12) to base 16.
2ae
-38374 (base 11) to base 10
-55015
Convert 41ab (base 13) to base 2.
10001110001010
Convert 46723 (base 8) to base 5.
1114143
Convert -211220 (base 3) to base 14.
-322
Convert ba (base 13) to base 15.
a3
14505 (base 6) to base 14
bd7
Convert -52305 (base 10) to base 14.
-150c1
-25351 (base 8) to base 16
-2ae9
Convert -259 (base 16) to base 14.
-30d
-24665 (base 7) to base 5
-202030
Convert -314 (base 5) to base 6.
-220
Convert -141747 (base 8) to base 12.
-25033
Convert -115325 (base 8) to base 6.
-503301
What is 160 (base 10) in base 3?
12221
Convert -193 (base 14) to base 5.
-2300
What is 16e (base 16) in base 10?
366
Convert 4127 (base 10) to base 14.
170b
-ba (base 16) to base 9
-226
Convert -110101010 (base 2) to base 10.
-426
Convert -1000000111 (base 2) to base 5.
-4034
-1a6b (base 13) to base 4
-332020
a3a (base 11) to base 12
885
Convert -11101 (base 4) to base 16.
-151
Convert 1540 (base 6) to base 12.
2b0
What is 2407 (base 16) in base 15?
2aed
What is -1110 (base 2) in base 11?
-13
2244 (base 6) to base 15
257
-554 (base 10) to base 4
-20222
What is -4131 (base 5) in base 15?
-261
-889a (base 11) to base 14
-43b7
What is 30114 (base 5) in base 3?
2121201
What is -101 (base 5) in base 15?
-1b
-3121313 (base 5) to base 10
-51458
Convert -22112 (base 4) to base 11.
-552
What is 1120111220 (base 3) in base 4?
13210101
What is 2902 (base 15) in base 13?
3cc2
222 (base 3) to base 14
1c
Convert -114340 (base 5) to base 16.
-10f9
Convert -2415 (base 9) to base 15.
-7eb
Convert c49 (base 16) to base 5.
100040
Convert -200100 (base 3) to base 9.
-610
Convert 11360 (base 12) to base 3.
1011111200
What is -bd0 (base 15) in base 13?
-12a5
-22320303 (base 4) to base 7
-244005
Convert 20312 (base 8) to base 13.
3a89
Convert 101010130 (base 4) to base 14.
1b6a0
-2a3 (base 15) to base 12
-423
What is -1241 (base 11) in base 7?
-4501
Convert 50a8 (base 11) to base 13.
3110
What is -239 (base 16) in base 15?
-27e
What is -102a8 (base 12) in base 14?
-79cc
200121 (base 4) to base 15
933
Convert 3331301 (base 4) to base 5.
1004431
What is 16 (base 11) in base 8?
21
2d4 (base 15) to base 5
10044
22031231 (base 4) to base 12
20265
Convert 4b30 (base 13) to base 4.
2212332
Convert 14070 (base 9) to base 8.
22504
Convert -140e (base 16) to base 11.
-3948
Convert -1000110110 (base 2) to base 9.
-688
Convert 319 (base 16) to base 4.
30121
What is 100222211 (base 4) in base 11?
47316
110000101111 (base 2) to base 9
4245
What is 60210 (base 7) in base 4?
3202233
Convert -a3d3 (base 14) to base 10.
-28213
Convert -1338 (base 9) to base 3.
-1101022
Convert 22123 (base 5) to base 14.
7bc
What is -500 (base 13) in base 2?
-1101001101
What is a43 (base 12) in base 8?
2723
What is 210440 (base 5) in base 6?
52215
15210 (base 6) to base 7
10104
What is 9134 (base 10) in base 15?
2a8e
What is -22328 (base 11) in base 10?
-32337
What is -2ee (base 16) in base 5?
-11000
Convert -1528 (base 11) to base 12.
-117a
5703 (base 16) to base 2
101011100000011
-177215 (base 8) to base 15
-14495
What is -3500 (base 7) in base 10?
-1274
4042 (base 8) to base 2
100000100010
-1020232 (base 4) to base 13
-2170
What is 170e (base 16) in base 12?
34ba
What is 32036 (base 8) in base 16?
341e
-409 (base 16) to base 11
-85a
Convert -482 (base 12) to base 14.
-362
2403314 (base 5) to base 3
2020122101
-2334 (base 6) to base 2
-1000110010
Convert 10011100110 (base 2) to base 4.
103212
Convert 13711 (base 8) to base 13.
2a05
Convert -20203011 (base 4) to base 14.
-ca8d
What is -1505 (base 10) in base 14?
-797
c0b (base 14) to base 8
4473
What is -1a5f (base 16) in base 7?
-25453
What is 1131032 (base 4) in base 9?
8158
What is -2477 (base 8) in base 4?
-110333
-10101011010100 (base 2) to base 14
-3dd2
Convert 1f0 (base 16) to base 14.
276
What is 61 (base 12) in base 9?
81
271 (base 8) to base 5
1220
Convert -1b83 (base 12) to base 8.
-6523
Convert 11111101000 (base 2) to base 14.
a48
Convert -21201 (base 3) to base 2.
-11010000
Convert 35a (base 14) to base 11.
558
Convert -122222 (base 3) to base 13.
-2b4
What is 70c (base 14) in base 16?
568
Convert 20211 (base 4) to base 15.
269
Convert -ab3 (base 12) to base 4.
-120213
What is -44100 (base 7) in base 15?
-3400
Convert 3012 (base 4) to base 11.
170
What is -1061 (base 8) in base 2?
-1000110001
What is 1a9 (base 15) in base 16?
180
Convert -4b45 (base 15) to base 5.
-1003130
972 (base 11) to base 10
1168
-754 (base 16) to base 7
-5320
Convert -688a (base 11) to base 12.
-52a4
What is 1334410 (base 6) in base 5?
4344021
13322 (base 4) to base 2
111111010
What is -121312 (base 4) in base 13?
-9a3
Convert -172 (base 10) to base 6.
-444
-301103 (base 5) to base 2
-10010100111000
-4364 (base 7) to base 13
-935
-3205 (base 11) to base 8
-10220
121653 (base 7) to base 11
15819
Convert 26a (base 12) to base 8.
562
940b (base 13) to base 3
1001001210
Convert -566 (base 11) to base 4.
-22211
Convert -13565 (base 7) to base 8.
-7212
-405451 (base 6) to base 16
-7e67
What is -137 (base 8) in base 4?
-1133
-11122121 (base 3) to base 15
-1011
What is 18736 (base 10) in base 2?
100100100110000
What is 280 (base 16) in base 5?
10030
Convert 4110 (base 5) to base 2.
1000010010
-2531 (base 13) to base 16
-149f
What is -121212 (base 3) in base 7?
-1220
177c5 (base 13) to base 9
68105
What is 1102200202 (base 3) in base 2?
110111000110000
What is 5a86 (base 11) in base 3?
101220210
Convert -110000202 (base 3) to base 13.
-3cb6
Convert 573 (base 8) to base 2.
101111011
Convert 2056 (base 8) to base 10.
1070
ad3d (base 15) to base 16
8f7d
What is 1503 (base 7) in base 14?
303
Convert 41354 (base 7) to base 16.
2795
What is 1450 (base 8) in base 3?
1002221
3173 (base 11) to base 9
5670
1440 (base 9) to base 4
101001
What is -666 (base 11) in base 8?
-1436
Convert -4230 (base 8) to base 7.
-6262
What is 10107 (base 13) in base 4?
13001001
What is 4a (base 15) in base 7?
130
314 (base 6) to base 16
76
What is -29073 (base 10) in base 6?
-342333
-1121333 (base 4) to base 12
-33bb
Convert 16558 (base 9) to base 2.
10110010000001
4415 (base 6) to base 11
847
What is 334 (base 10) in base 2?
101001110
Convert -220 (base 6) to base 11.
-77
-55 (base 9) to base 7
-101
Convert -1212120200 (base 3) to base 6.
-442413
What is 3141 (base 8) in base 4?
121201
What is -1a4b (base 15) in base 8?
-13100
Convert 41666 (base 9) to base 15.
8249
-1111101100010 (base 2) to base 11
-6044
Convert -